reatest common factor of 70438 and 246?
82
Calculate the greatest common divisor of 54 and 484578.
18
Calculate the highest common divisor of 16 and 675520.
16
What is the highest common divisor of 7475 and 6877?
299
What is the greatest common divisor of 1920720 and 64?
16
Calculate the greatest common factor of 11007 and 261.
9
What is the greatest common divisor of 1895 and 265?
5
What is the greatest common divisor of 172203 and 3233?
61
Calculate the greatest common factor of 3350054 and 2516.
1258
Calculate the greatest common factor of 532779 and 285.
57
Calculate the greatest common divisor of 24 and 25692.
12
What is the highest common factor of 127 and 10491851?
127
What is the highest common divisor of 400315 and 115?
115
Calculate the greatest common divisor of 79417 and 169.
13
Calculate the greatest common factor of 49 and 152929.
49
What is the highest common factor of 14 and 75838?
14
Calculate the highest common divisor of 970 and 752332.
194
What is the highest common divisor of 976 and 3294?
122
Calculate the greatest common factor of 7178 and 62900.
74
What is the greatest common divisor of 339130 and 220?
110
Calculate the greatest common divisor of 187 and 241043.
187
Calculate the highest common divisor of 8544 and 800.
32
Calculate the highest common factor of 98452 and 7852.
604
What is the greatest common divisor of 6378 and 34?
2
What is the greatest common factor of 152 and 70680?
152
What is the highest common factor of 79529 and 201?
67
Calculate the highest common divisor of 11907 and 1029.
147
Calculate the greatest common divisor of 156681 and 135.
27
What is the greatest common factor of 36 and 22581?
9
What is the greatest common factor of 9416 and 418584?
856
Calculate the highest common divisor of 30 and 18995.
5
What is the greatest common factor of 4410 and 16695?
315
What is the greatest common divisor of 13335 and 455?
35
What is the highest common factor of 37 and 12331?
1
What is the greatest common divisor of 555 and 26196?
111
What is the greatest common factor of 50323 and 14?
7
What is the greatest common factor of 1497 and 10104750?
1497
What is the highest common factor of 4539276 and 756?
252
Calculate the greatest common divisor of 48477 and 1017.
339
What is the highest common factor of 7947 and 63?
9
What is the highest common divisor of 282 and 11985?
141
What is the greatest common factor of 4 and 4654368?
4
What is the greatest common factor of 1928274 and 157?
157
Calculate the highest common divisor of 2335055 and 537.
179
What is the highest common divisor of 1925961 and 111?
111
Calculate the greatest common factor of 22 and 238656.
22
Calculate the greatest common factor of 41382 and 121.
121
Calculate the greatest common divisor of 1332 and 952047.
333
Calculate the greatest common factor of 30 and 166995.
15
Calculate the greatest common factor of 2177 and 7.
7
Calculate the greatest common factor of 163394 and 154.
154
What is the highest common factor of 35760 and 25628?
596
Calculate the greatest common factor of 5047 and 19158.
103
Calculate the highest common factor of 10125 and 1215.
405
Calculate the greatest common factor of 71910 and 9486.
306
Calculate the highest common divisor of 48 and 104136.
24
Calculate the highest common factor of 59549 and 1316.
329
Calculate the greatest common divisor of 68 and 2422942.
34
Calculate the greatest common factor of 258420 and 2360.
1180
Calculate the highest common factor of 1059044 and 436.
436
What is the greatest common factor of 10 and 25482?
2
Calculate the greatest common divisor of 589 and 7771.
19
What is the highest common divisor of 20 and 22180?
20
Calculate the highest common divisor of 90 and 76210.
10
What is the highest common divisor of 2550 and 1110?
30
What is the greatest common factor of 1886 and 65600?
82
Calculate the greatest common divisor of 1435 and 14145.
205
Calculate the greatest common factor of 19738 and 15846.
278
What is the highest common divisor of 952 and 29176?
56
Calculate the highest common divisor of 52 and 108420.
52
Calculate the greatest common divisor of 3609 and 480398.
401
Calculate the greatest common divisor of 41113 and 1.
1
Calculate the highest common divisor of 203159 and 73.
73
Calculate the highest common factor of 3 and 1045.
1
What is the greatest common factor of 127704 and 408?
408
Calculate the highest common divisor of 240 and 27048.
24
What is the greatest common divisor of 3831324 and 2856?
1428
Calculate the greatest common factor of 5204901 and 13.
13
What is the highest common factor of 34751 and 20615?
589
Calculate the greatest common divisor of 377127 and 3.
3
What is the highest common factor of 503485 and 5?
5
What is the highest common factor of 329 and 3967787?
47
What is the highest common factor of 1517902 and 1070?
214
Calculate the highest common divisor of 83834 and 6346.
334
What is the highest common divisor of 16 and 8399504?
16
What is the greatest common divisor of 76076 and 1584?
44
Calculate the greatest common divisor of 460 and 741980.
460
Calculate the greatest common factor of 2268 and 4956.
84
Calculate the highest common divisor of 98 and 123627.
49
What is the highest common divisor of 545 and 35?
5
What is the highest common divisor of 320 and 127040?
320
Calculate the highest common factor of 258390 and 15.
15
Calculate the greatest common factor of 12688849 and 443.
443
What is the highest common divisor of 552594 and 8697?
669
Calculate the greatest common factor of 174 and 55622.
58
Calculate the greatest common factor of 1105 and 410465.
85
Calculate the greatest common divisor of 260724 and 24.
12
What is the greatest common divisor of 11058 and 69?
3
What is the greatest common factor of 1414078 and 3794?
542
What is the highest common factor of 264 and 146652?
132
Calculate the greatest common divisor of 749654 and 354.
118
Calculate the highest common divisor of 6380 and 98600.
580
What is the highest common factor of 152 and 77592?
8
Calculate the greatest common divisor of 19939 and 60131.
157
Calculate the greatest common divisor of 8787 and 9999.
303
What is the greatest common factor of 22413 and 1023?
93
What is the greatest common factor of 89612 and 258?
86
Calculate the greatest common divisor of 58518 and 846.
18
Calculate the highest common factor of 270 and 38205.
135
What is the greatest common factor of 1300 and 516100?
1300
What is the greatest common divisor of 10974 and 930?
186
What is the highest common divisor of 97 and 8365183?
97
Calculate the highest common factor of 15 and 2046255.
15
Calculate the highest common divisor of 319 and 276573.
319
Calculate the greatest common factor of 255 and 25560.
15
What is the highest common factor of 16578 and 54?
54
What is the highest common divisor of 2 and 41362?
2
Calculate the greatest common divisor of 11929 and 2567.
151
What is the highest common divisor of 670 and 760?
10
Calculate the highest common divisor of 803 and 4103.
11
Calculate the greatest common divisor of 682 and 1120185.
341
What is the highest common divisor of 2219 and 175?
7
Calculate the highest common factor of 980 and 86044.
196
What is the highest common factor of 4291 and 237231?
613
What is the highest common factor of 39 and 15353?
13
Calculate the highest common factor of 4 and 9031.
1
Calculate the greatest common divisor of 17222 and 32232.
158
What is the highest common divisor of 615925 and 50?
25
What is the greatest common factor of 3278 and 11026?
298
Calculate the highest common factor of 54 and 9103266.
54
Calculate the highest common divisor of 2719090 and 1045.
1045
Calculate the highest common factor of 65446 and 2322.
86
What is the greatest common divisor of 804277 and 173?
173
What is the greatest common factor of 5674 and 4?
2
What is the highest common factor of 969 and 2280?
57
Calculate the highest common divisor of 2560 and 1873408.
512
What is the greatest common factor of 680 and 1094936?
136
What is the greatest common divisor of 152 and 2312?
8
Calculate the greatest common divisor of 3625 and 78445.
145
Calculate the greatest common factor of 55154 and 4554.
506
Calculate the highest common factor of 3648 and 360.
24
Calculate the greatest common divisor of 6